{"id":750,"date":"2023-08-30T14:19:06","date_gmt":"2023-08-30T12:19:06","guid":{"rendered":"https:\/\/www.diaetologie-eberharter.at\/kurse\/?post_type=product&#038;p=750"},"modified":"2024-12-20T00:10:03","modified_gmt":"2024-12-19T23:10:03","slug":"e-book-darmgesundheit","status":"publish","type":"product","link":"https:\/\/www.diaetologie-eberharter.at\/kurse\/produkt\/e-book-darmgesundheit\/","title":{"rendered":"E-Book Darmgesundheit &#8211; Dein ganzheitlicher Fahrplan"},"content":{"rendered":"<p id=\"isPasted\" style=\"text-align: center;\"><span style=\"color: #41ad39;\"><strong>Darmgesundheit &#8211; Dein Fahrplan f\u00fcr eine angenehme Verdauung<\/strong><\/span><\/p>\n<p style=\"text-align: center;\"><span id=\"isPasted\"><strong>Schritt f\u00fcr Schritt zu mehr Lebensqualit\u00e4t &#8211; ich zeige dir wie.<\/strong><\/span><\/p>\n<hr \/>\n<p id=\"isPasted\">Seit Jahren leidest du unter einem <strong>aufgebl\u00e4hten und harten Bauch<\/strong>, wie im 8. Monat und <strong>w\u00fcnscht dir eine angenehme Verdauung<\/strong>?<\/p>\n<p>Dann m\u00f6chte ich dir mein\u00a0<strong>E-Book<\/strong><strong>\u00a0<\/strong><strong>&#8218;Darmgesundheit<\/strong><strong>&#8218;<\/strong> vorstellen:<\/p>\n<p>\ud83d\udc9a Ern\u00e4hrungswissen zur Verdauung und unserem Mikrobiom<br id=\"isPasted\" \/><span id=\"isPasted\">\ud83d\udc9a<\/span>\u00a0Das Mahlzeitenteller-Prinzip inkl. N\u00e4hrstoffportionen<br \/>\n<span id=\"isPasted\">\ud83d\udc9a<\/span>\u00a0Dein Darm-Fahrplan inkl.\u00a0IST-SOLL-Analyse und Zieldefinition<br \/>\n1. Entlastungsphase inkl. 4-Wochen-Jahreszeiten-Speiseplan mit Rezepten<br \/>\n2. Aufbauphase und Zwischenstopps inkl. Vorlagen<br \/>\n3. Zielphase inkl. Wochenspeiseplan mit Rezepten<br \/>\n<span id=\"isPasted\">\ud83d\udc9a<\/span>Ern\u00e4hrung ist nicht alles: Psyche \u2013 Bewegung \u2013 Schlaf<br \/>\n<span id=\"isPasted\">\ud83d\udc9a<\/span>Pflanzenheilkunde mit pers\u00f6nlichen Kr\u00e4uter-Verdauungstipps<br \/>\n<span id=\"isPasted\">\ud83d\udc9a<\/span>Onlineberatungs-Bonus f\u00fcr 50 min<\/p>\n<p><strong>Du bekommst mein geballtes Wissen und den ultimativen Darm-Fahrplan auf 84 Seiten.<br id=\"isPasted\" \/><\/strong><\/p>\n<hr \/>\n<p>&nbsp;<\/p>\n<p><strong style=\"color: #41ad39; text-align: center;\"><img loading=\"lazy\" decoding=\"async\" class=\" wp-image-752 aligncenter\" src=\"https:\/\/www.diaetologie-eberharter.at\/kurse\/wp-content\/uploads\/2023\/08\/Cover-E-Book-Darmgesundheit_1080-\u00d7-1080-px-1-300x300.jpg\" alt=\"Cover-E-Book-Darmgesundheit\" width=\"234\" height=\"234\" srcset=\"https:\/\/www.diaetologie-eberharter.at\/kurse\/wp-content\/uploads\/2023\/08\/Cover-E-Book-Darmgesundheit_1080-\u00d7-1080-px-1-300x300.jpg 300w, https:\/\/www.diaetologie-eberharter.at\/kurse\/wp-content\/uploads\/2023\/08\/Cover-E-Book-Darmgesundheit_1080-\u00d7-1080-px-1-100x100.jpg 100w, https:\/\/www.diaetologie-eberharter.at\/kurse\/wp-content\/uploads\/2023\/08\/Cover-E-Book-Darmgesundheit_1080-\u00d7-1080-px-1-600x600.jpg 600w, https:\/\/www.diaetologie-eberharter.at\/kurse\/wp-content\/uploads\/2023\/08\/Cover-E-Book-Darmgesundheit_1080-\u00d7-1080-px-1-1024x1024.jpg 1024w, https:\/\/www.diaetologie-eberharter.at\/kurse\/wp-content\/uploads\/2023\/08\/Cover-E-Book-Darmgesundheit_1080-\u00d7-1080-px-1-150x150.jpg 150w, https:\/\/www.diaetologie-eberharter.at\/kurse\/wp-content\/uploads\/2023\/08\/Cover-E-Book-Darmgesundheit_1080-\u00d7-1080-px-1-768x768.jpg 768w, https:\/\/www.diaetologie-eberharter.at\/kurse\/wp-content\/uploads\/2023\/08\/Cover-E-Book-Darmgesundheit_1080-\u00d7-1080-px-1.jpg 1080w\" sizes=\"(max-width: 234px) 100vw, 234px\" \/><\/strong><\/p>\n<p style=\"text-align: center;\"><strong><span style=\"color: #41ad39;\">Starte jetzt mit deiner Darmgesundheit und hol dir dein Wohlf\u00fchl-Ich zur\u00fcck!<\/span><\/strong><\/p>\n<p style=\"text-align: center;\"><strong>\ud83d\udc49<\/strong><strong>\u00a0Nach dem Kauf kannst du dir dein E-Book gleich herunterladen und loslegen.<\/strong><\/p>\n<hr \/>\n<p><strong>Dich besch\u00e4ftigt noch eine Frage:<\/strong><\/p>\n<p><u><strong>Ist das E-Book f\u00fcr mich geeignet?<\/strong><\/u><strong>*<\/strong><br id=\"isPasted\" \/>Ja, wenn du unter einem aufgebl\u00e4hten und harten Bauch leidest und du dir eine\u00a0<strong>angenehme Verdauung\u00a0<\/strong>w\u00fcnscht. \u201eDarmgesundheit\u201c ist als praxisnaher Darm-Fahrplan konzipiert und begleitet dich Schritt f\u00fcr Schritt mit Speisepl\u00e4nen, Rezepten, zahlreichen Arbeitsbl\u00e4ttern und Vorlagen zu\u00a0<strong>mehr Lebensqualit\u00e4t.<\/strong><\/p>\n<p><u><strong>Wie erhalte ich mein Mini E-Book?<\/strong><\/u><u><br \/>\n<\/u>Nach dem Kauf bekommst du einen\u00a0<strong>exklusiven Download-Link per E-Mail.<\/strong><\/p>\n<p><u><strong>Wie lange habe ich Zugriff auf die Inhalte?<\/strong><\/u><br \/>\nNach dem Herunterladen hast du einen\u00a0<strong>lebenslangen Zugriff.<\/strong><\/p>\n<p><u><strong>Hast du noch eine Frage?<\/strong><\/u><br \/>\nIch bin sehr gerne unter\u00a0<a href=\"https:\/\/www.diaetologie-eberharter.at\/kontakt\/\" target=\"_blank\" rel=\"noopener noreferrer\"><strong>office@diaetologie-eberharter.at<\/strong><\/a>\u00a0f\u00fcr dich erreichbar und antworte dir, so schnell ich kann.<\/p>\n<p>* Bitte beachte, dass das E-Book weder eine \u00e4rztliche Untersuchung, noch eine individuelle Ern\u00e4hrungstherapie durch Diaetolog*innen ersetzen kann.<\/p>\n<hr \/>\n<p style=\"text-align: center;\">Halli Hallo, ich bin Petra von Diaetologie Eberharter<br \/>\nund mein Motto lautet:<\/p>\n<p style=\"text-align: center;\"><strong><span style=\"color: #41ad39;\">Essen is(s)t die erste Medizin<\/span><\/strong><\/p>\n<p><strong style=\"color: #41ad39; text-align: center;\"><img loading=\"lazy\" decoding=\"async\" class=\" wp-image-782 aligncenter\" src=\"https:\/\/www.diaetologie-eberharter.at\/kurse\/wp-content\/uploads\/2023\/08\/Petra_mit_Salat_in_der_Hand_rund-300x300-1.png\" alt=\"Petra_mit_Salat_in_der_Hand_rund-300x300\" width=\"199\" height=\"199\" srcset=\"https:\/\/www.diaetologie-eberharter.at\/kurse\/wp-content\/uploads\/2023\/08\/Petra_mit_Salat_in_der_Hand_rund-300x300-1.png 300w, https:\/\/www.diaetologie-eberharter.at\/kurse\/wp-content\/uploads\/2023\/08\/Petra_mit_Salat_in_der_Hand_rund-300x300-1-150x150.png 150w, https:\/\/www.diaetologie-eberharter.at\/kurse\/wp-content\/uploads\/2023\/08\/Petra_mit_Salat_in_der_Hand_rund-300x300-1-100x100.png 100w\" sizes=\"(max-width: 199px) 100vw, 199px\" \/><\/strong><\/p>\n<p>Als Diaetologin helfe ich dir, eine nachhaltige und ausgewogene Ern\u00e4hrung ohne jeglicher Verbote in deinem Alltag zu integrieren.<\/p>\n<p><strong>Ern\u00e4hrungsvielfalt statt Verbote<\/strong><br \/>\nIch liebe es nicht nur zu kochen, sondern auch zu essen! Dabei steht der <strong>Genuss im Vordergrund und keine Verbote<\/strong>. Ein gesundes Mittelma\u00df h\u00e4lt hier unsere (Darm-)Gesundheit und <strong>Lebensqualit\u00e4t in Balance<\/strong>. Zu einer ausgewogenen Lebensform geh\u00f6rt auch eine vielf\u00e4ltige Lebensmittelauswahl. Eine einseitige Ern\u00e4hrung macht uns \u00fcber lange Zeit krank, da unser K\u00f6rper nicht ausreichend mit lebenswichtigen N\u00e4hrstoffen versorgt wird. Nutzen wir daher die Vielfalt der Natur und st\u00e4rken unsere (Darm-)Gesundheit ganzheitlich.<\/p>\n<p><strong>Lass uns starten!<\/strong><\/p>\n<p>Deine Petra von Diaetologie Eberharter<\/p>\n<hr \/>\n<p><strong style=\"color: #41ad39; text-align: center;\"><img loading=\"lazy\" decoding=\"async\" class=\" wp-image-752 aligncenter\" src=\"https:\/\/www.diaetologie-eberharter.at\/kurse\/wp-content\/uploads\/2023\/08\/Cover-E-Book-Darmgesundheit_1080-\u00d7-1080-px-1-300x300.jpg\" alt=\"Cover-E-Book-Darmgesundheit\" width=\"234\" height=\"234\" srcset=\"https:\/\/www.diaetologie-eberharter.at\/kurse\/wp-content\/uploads\/2023\/08\/Cover-E-Book-Darmgesundheit_1080-\u00d7-1080-px-1-300x300.jpg 300w, https:\/\/www.diaetologie-eberharter.at\/kurse\/wp-content\/uploads\/2023\/08\/Cover-E-Book-Darmgesundheit_1080-\u00d7-1080-px-1-100x100.jpg 100w, https:\/\/www.diaetologie-eberharter.at\/kurse\/wp-content\/uploads\/2023\/08\/Cover-E-Book-Darmgesundheit_1080-\u00d7-1080-px-1-600x600.jpg 600w, https:\/\/www.diaetologie-eberharter.at\/kurse\/wp-content\/uploads\/2023\/08\/Cover-E-Book-Darmgesundheit_1080-\u00d7-1080-px-1-1024x1024.jpg 1024w, https:\/\/www.diaetologie-eberharter.at\/kurse\/wp-content\/uploads\/2023\/08\/Cover-E-Book-Darmgesundheit_1080-\u00d7-1080-px-1-150x150.jpg 150w, https:\/\/www.diaetologie-eberharter.at\/kurse\/wp-content\/uploads\/2023\/08\/Cover-E-Book-Darmgesundheit_1080-\u00d7-1080-px-1-768x768.jpg 768w, https:\/\/www.diaetologie-eberharter.at\/kurse\/wp-content\/uploads\/2023\/08\/Cover-E-Book-Darmgesundheit_1080-\u00d7-1080-px-1.jpg 1080w\" sizes=\"(max-width: 234px) 100vw, 234px\" \/><\/strong><\/p>\n<p>&nbsp;<\/p>\n<div id=\"isPasted\">\n<p style=\"text-align: center;\"><strong><span style=\"color: #41ad39;\">Starte jetzt mit deiner Darmgesundheit und hol dir dein Wohlf\u00fchl-Ich zur\u00fcck!<\/span><\/strong><\/p>\n<p style=\"text-align: center;\"><strong>\ud83d\udc49<\/strong><strong>\u00a0Nach dem Kauf kannst du dir dein E-Book gleich herunterladen und loslegen.<\/strong><\/p>\n<\/div>\n","protected":false},"excerpt":{"rendered":"<p style=\"text-align: center;\"><span id=\"isPasted\" style=\"color: #41ad39;\"><strong>Darmgesundheit &#8211; Dein Fahrplan f\u00fcr eine angenehme Verdauung<\/strong><\/span><\/p>\n<p style=\"text-align: center;\"><strong>Schritt f\u00fcr Schritt zu mehr Lebensqualit\u00e4t &#8211; ich zeige dir wie.<\/strong><\/p>\n","protected":false},"featured_media":752,"comment_status":"closed","ping_status":"closed","template":"","meta":[],"product_brand":[],"product_cat":[27],"product_tag":[28,30,31,32,29,33],"class_list":{"0":"post-750","1":"product","2":"type-product","3":"status-publish","4":"has-post-thumbnail","6":"product_cat-e-books","7":"product_tag-darmgesundheit","8":"product_tag-e-book","9":"product_tag-rezepte","10":"product_tag-speiseplan","11":"product_tag-verdauung","12":"product_tag-wochenspeiseplan","14":"first","15":"instock","16":"downloadable","17":"shipping-taxable","18":"purchasable","19":"product-type-simple"},"_links":{"self":[{"href":"https:\/\/www.diaetologie-eberharter.at\/kurse\/wp-json\/wp\/v2\/product\/750"}],"collection":[{"href":"https:\/\/www.diaetologie-eberharter.at\/kurse\/wp-json\/wp\/v2\/product"}],"about":[{"href":"https:\/\/www.diaetologie-eberharter.at\/kurse\/wp-json\/wp\/v2\/types\/product"}],"replies":[{"embeddable":true,"href":"https:\/\/www.diaetologie-eberharter.at\/kurse\/wp-json\/wp\/v2\/comments?post=750"}],"wp:featuredmedia":[{"embeddable":true,"href":"https:\/\/www.diaetologie-eberharter.at\/kurse\/wp-json\/wp\/v2\/media\/752"}],"wp:attachment":[{"href":"https:\/\/www.diaetologie-eberharter.at\/kurse\/wp-json\/wp\/v2\/media?parent=750"}],"wp:term":[{"taxonomy":"product_brand","embeddable":true,"href":"https:\/\/www.diaetologie-eberharter.at\/kurse\/wp-json\/wp\/v2\/product_brand?post=750"},{"taxonomy":"product_cat","embeddable":true,"href":"https:\/\/www.diaetologie-eberharter.at\/kurse\/wp-json\/wp\/v2\/product_cat?post=750"},{"taxonomy":"product_tag","embeddable":true,"href":"https:\/\/www.diaetologie-eberharter.at\/kurse\/wp-json\/wp\/v2\/product_tag?post=750"}],"curies":[{"name":"wp","href":"https:\/\/api.w.org\/{rel}","templated":true}]}}